*b - c = r. What is n(v)?
-8
Suppose 4*b + 8 = -59*y + 63*y, -3*b = 2*y - 29. Let c(o) = -3*o**2 + 23*o - 47. Determine c(b).
-7
Let d(f) = -5*f**2 - 3*f + 5. Let h(t) = -17*t**2 - 9*t + 16. Let a = -293 - -300. Let g(s) = a*d(s) - 2*h(s). Let w = -11 - -8. Determine g(w).
3
Let d(y) be the second derivative of -y**5/20 + y**4/2 + y**3 - 5*y**2 + 6956*y. Suppose -25 = -3*g + 4*u, -5*u - 19 = -2*g - 0*u. Determine d(g).
-17
Suppose -20 = -4*y - 8*f, 0 = -42*y + 47*y - f + 41. Let d(z) = 45*z + 308. Give d(y).
-7
Let x(t) = -7*t + 2. Let r(h) = -h - 1. Let v(u) = 5*u + 6. Let b(g) = 11*r(g) + 2*v(g). Let y(p) = -5*b(p) + x(p). Calculate y(-4).
5
Let z be (-256)/192*18/4. Let w(p) = -107626 + 3*p + p + 107635. What is w(z)?
-15
Let x(z) = 6813*z - 3407*z + 26 - z**2 - 3412*z. Determine x(-9).
-1
Let a(k) = 5*k - 35. Let f be a(7). Suppose -568 = -f*c - 8*c. Let z = -65 + c. Let o(v) = v**2 - 4*v - 4. What is o(z)?
8
Let o(c) be the first derivative of c**2/2 + 41*c + 1969. Calculate o(-26).
15
Let p(d) = -d**3 + 36*d**2 + 19. Let z be p(36). Suppose 33*s - z*s = 84. Let h(g) = -g**3 + 6*g**2 - g - 1. Calculate h(s).
-7
Let j(r) = 2*r**2 - r + 1. Let h be j(1). Let k(s) = 66 - 72 - s + s + h*s. Give k(-7).
-20
Suppose 3*u = -u - 24. Suppose -4*r = -l - 14, r - 18 = -2*r - 3*l. Let g(f) = 2*f**2 + 83 + 3*f**2 + f**3 - r*f - 89. Give g(u).
-18
Let j(y) = -6*y + 3. Let a(s) = 99*s + 1710. Let l be a(-17). Determine j(l).
-159
Let a(x) be the first derivative of -x**3 + 3*x**2 - 5*x + 61. Determine a(3).
-14
Let y(g) = 51*g**3 - 13*g**3 + 53*g - 16*g**3 - 14*g**3 - 46*g - 6. Give y(1).
9
Let z(n) = 2*n - 7. Suppose -6*i + 13*i = 35. Determine z(i).
3
Let d(x) be the third derivative of x**6/120 - 7*x**5/60 + 7*x**4/24 + 5*x**3/6 - 88*x**2. Give d(5).
-10
Let a(s) = -s + 8. Let z(w) = -w**2 - 4*w + 5. Let q be z(-4). Suppose 4*u = j - 3, q*j - 48 + 14 = u. Calculate a(j).
1
Let k(z) = z**2 + z - 2. Let c be (-12)/24 + (-17)/2. Let t(s) = s**3 + 9*s**2 + 3*s. Let v be t(c). Let p be 32/(-18) - (-6)/v. Calculate k(p).
0
Let s(d) = 8*d + 134. Let p = -8850 + 8833. Give s(p).
-2
Suppose 8*u - 11*u - 918 = 0. Let o = -302 - u. Let m(g) = -g**3 + 6*g**2 - 3*g - 3. Give m(o).
17
Suppose -3*s + 2 = -4*y, -4*y - y + 11 = 3*s. Let z(p) = -249 - 4*p**3 + 124 + 126 - p**2. Determine z(y).
-4
Let k(q) = q**3 + 5*q**2 - q + 5. Let o = -40 + 14. Let g = o + 12. Let u = g - -9. Determine k(u).
10
Suppose -26 = -16*d - 138. Let s be (d/((-98)/(-20)))/(2/(-7)). Let x(k) = -k**2 + 2*k + 9. What is x(s)?
-6
Let o(d) = -d**2 - 10*d + 4. Suppose -3*g - 180 = -21*g. Suppose -35*v = -34*v + g. What is o(v)?
4
Let a(g) = -2*g + 4. Let s = 410 + -408. Let c(k) = k + 2. Let t(p) = s*a(p) + 6*c(p). What is t(-7)?
6
Let r(z) be the first derivative of 1/2*z**2 - 1/3*z**3 - 1/4*z**4 + 21*z + 32. What is r(0)?
21
Let h(v) = 3*v + 7. Let m(j) = -1. Let l(w) = h(w) + 6*m(w). Suppose 11*k = 7*k - 3*n + 21, -5*k + 6 = -3*n. Give l(k).
10
Let h(t) = 137 - t - 5 + 5*t - 4*t - 10*t. Give h(13).
2
Let t = 10605 + -10598. Let q(f) = f**2 + 12*f - 133. Determine q(t).
0
Let g be (-18)/42*14*1/2*-1. Let w(m) = -11*m + 22. Calculate w(g).
-11
Let g be (-3 - -3)*(2 - (-10)/(-4)). Suppose -5*l + 341 - 31 = g. Let a = l - 64. Let v(u) = -3*u**2 - 2*u - 2. Calculate v(a).
-10
Let g = -456 + 460. Let b(z) = -2*z**2 - 11*z + 55. Calculate b(g).
-21
Let p(r) = 12*r + 44. Let z be p(-3). Let c be (1/2)/((-52)/z + 6). Let n(x) = -6*x**3 + x**2 + 2*x + 1. Give n(c).
6
Let k(d) = -5 + 0*d + 8435853*d**3 + 2 - 3*d**2 - 8435855*d**3 + 2*d. Let n be -2*((-21)/(-6) - 2). Let h be 11/n - (-2)/3. What is k(h)?
18
Let u(w) = 3*w + 12. Suppose 13*g + 13 = 3*g - 47. Determine u(g).
-6
Let n(i) = -i**2 + 15*i - 18. Suppose 2*f + 3*m + 28 = 33, 0 = 5*f - 4*m - 70. Calculate n(f).
32
Let w(h) = 214 - 294*h + 31 + 268*h. What is w(9)?
11
Let n(g) = 13*g**2 + 38*g + 96. Let i(z) = -24*z**2 - 77*z - 191. Let q(p) = 6*i(p) + 11*n(p). Let a be q(-42). Let m(j) = -3*j - 6. Determine m(a).
12
Let i = 70 - 68. Let d(u) = -3*u**3 - u - 3. Let n(w) = -7*w**3 - w**2 - 3*w - 7. Suppose -9*f = -11*f - 10. Let j(r) = f*d(r) + i*n(r). What is j(4)?
29
Suppose -2*b = -79 + 69. Let t(f) = 35*f - b*f + 2 - 7*f - 12*f. Let n = -2 - 0. Give t(n).
-20
Let i be ((-3)/(-2))/(90/(-24))*-20. Let z(g) = g**2 - 6*g - 15. What is z(i)?
1
Let r(h) = 6*h + 38. Let g be r(-6). Let i(a) = 5*a**2 + a - 5*a**g - 5*a**2 - a**2. What is i(-1)?
-7
Let l(v) = v**3 - 7*v**2 + 8*v - 6. Let s(y) = 5*y - 17 + 6 + 7. Suppose 0 = 3*b + 5*m - 21, -4*b + 0*m = m - 11. Let k be s(b). What is l(k)?
6
Let z = -444 + 461. Let y(p) = 2 + 7*p - 2 - 34*p + z*p. What is y(4)?
-40
Let b = 1094 - 1095. Let u(h) be the first derivative of 15/2*h**2 - h - 5. Calculate u(b).
-16
Let i be (14/(-14))/((-1)/(-2)) - 0/(-2). Let r(s) = -32*s + 3. Calculate r(i).
67
Let g be 40/(-8)*(19/9 - 7/63). Let k(q) = -q**2 - 8*q + 27. Determine k(g).
7
Let r = 11 - 22. Suppose -923*x - 36 = -929*x. Let v(i) = -8*i - 17. Let u(n) = -4*n - 9. Let l(b) = r*u(b) + x*v(b). What is l(3)?
-15
Let f(a) = 6*a**3 + 18*a**2 + a - 17. Let g(r) = 4*r**3 + 9*r**2 + r - 9. Let v(k) = 3*f(k) - 5*g(k). What is v(4)?
2
Let c(r) be the third derivative of -r**6/120 + r**5/4 - 25*r**4/24 - 5*r**3/6 + 22*r**2. Let y be c(13). Let u(q) = -q**3 + 8*q**2 - 4*q + 10. Determine u(y).
-22
Let a = 50 - 48. Let d(m) = -65*m - m**a - 8 + 2*m**2 + 72*m. Let g = -3 - 4. What is d(g)?
-8
Let l(k) = 85*k + 90*k - 267*k + 9 + k**2 + 89*k. Determine l(5).
19
Let i(x) = -783 + 381 + 380 + 2*x. Let u(w) = 2*w**2 + 3*w. Let c be u(-3). Determine i(c).
-4
Let k(u) = 4*u**2 - 1. Let v be k(1). Let x(c) = 1 + 2*c**3 + v*c**3 - 3*c**2 - 2*c + c - 4*c**3. Let n = -7955 + 7958. What is x(n)?
-2
Let k be -5 + 118 - (1 + 1*-3). Let v be 55/(-2)*(-138)/k. Let r(d) = 8*d**2 + 1 + 16*d**2 - v*d**2 + 18*d**2. Determine r(1).
10
Suppose -74*u - 175 - 47 = 0. Let b(c) = 4*c + 4 + 0*c**2 - c + c**2. Give b(u).
4
Let q(c) = -c**3 - 2*c**2 + 3*c - 6. Suppose 0 = 14*i - 8*i + 60. Let l be ((-3)/15)/(-1) - (-2)/i. What is q(l)?
-6
Let s(f) = 149 - 57 + 28*f**2 + 35*f - 68. Let d(m) = 5*m**2 + 6*m + 4. Let a(z) = 34*d(z) - 6*s(z). Give a(6).
28
Let i(d) be the first derivative of 3*d**4/4 + 37*d**3/3 + 5*d**2 - 6*d + 8443. Calculate i(-12).
18
Suppose -8*s = -3*s - 25. Suppose -r = -s*d - 4 + 14, d - 2 = 0. Let k(n) = -2283 + n - 2285 + 6864 - 2289. Determine k(r).
7
Let a(c) = c + 1. Let j be (-1)/7 - (-497)/49. Suppose -5*d + 5 = -b, b + 3*b = -3*d + 49. Let k = j - b. What is a(k)?
1
Suppose -3*r - p = -7 + 3, 0 = -4*r + 4*p. Let y(v) be the third derivative of -1 + 0*v**3 - 5*v**2 + 0*v**4 + 1/20*v**5 + 0*v. Determine y(r).
3
Let y(o) = -2*o**3 - 11*o**2 + 21*o. Suppose 0*w + 28*w + 293 = 97. Give y(w).
0
Let u be (3/(-8))/((-12)/32). Let y(s) = 8*s**3 - 4*s**2 - 4*s + 4. Let l(k) = -k**2 - k + 1. Let a(z) = -4*l(z) + y(z). Determine a(u).
8
Let l(s) = 2 - 3 - 3*s + 5. Let n be (154/(-33))/(6/9). Let i be 5*n/(-14)*-2. Calculate l(i).
19
Let o(r) be the second derivative of -r**4/12 + 5*r**3/6 + 2*r**2 + 185*r. Let v(b) = -3*b**2 + 9*b + 9. Let q(w) = -5*o(w) + 2*v(w). Calculate q(-6).
4
Let j(p) be the second derivative of p**5/20 - 5*p**4/12 - 5*p**3/6 + 9*p**2/2 - 1134*p. Determine j(7).
72
Let w(q) = 17*q**3 - 5*q**2 - 11*q + 31. Let h(l) = -12*l**3 + 3*l**2 + 7*l - 21. Let r(g) = 7*h(g) + 5*w(g). What is r(6)?
44
Suppose -55*n + 13665 = -50*n. Let y(v) = 10 + 1369*v**2 - n*v**2 + v + 1363*v**2. Calculate y(-3).
-2
Let v = 6727 - 6709. Let o(g) = g**2 - 15*g - 25. What is o(v)?
29
Let c(a) = 8*a**2 + a - 4. Let v(x) = -5*x**2 + 1 - 1 + 2 + 2. Let w(k) = 2*c(k) + 3*v(k). Calculate w(-3).
7
Let k(h) be the first derivative of -10*h + 2 - 2/3*h**3 + 3/2*h**2. Let u(p) = -p**2 - 1. Let q(l) = -k(l) + 3*u(l). Give q(-5).
-3
Let h(w) = w - 9. Let n(r) = -5*r + 37. Let v(k) = 3*h(k) + n(k). Determine v(-7).
24
Let u(x) = 3*x + 34. Let y be u(-10). Suppose 0 = y*v + 6*v - 20. Let s(a) = 5 + v + 2*a + 4*a**2 - 6. Determine s(-1).
3
Suppose -41622*q + 5 = -41628*q - 1. Let c(k) = -8*k**2 - 37*k - 38. Give c(q).
-9
Suppose 2*v + 4 = 2*z + v, 0 = -4*z - 5*v - 6. Let h(w) = 6*w**3 + w**2 + 6*w - 5. Give h(z).
8
Let b be 42/(-70) + 13/5 + -50. Let 